t is v(-16)?
6
Let g(d) = 2*d**3 + 29*d**2 - 20*d - 22. What is g(-15)?
53
Let f(u) = u**3 + 6*u**2 - u - 4. Give f(-5).
26
Let k(t) = -2*t**2 + 16*t - 38. Give k(4).
-6
Let q(p) = p**3 - 9*p**2 - 2*p + 3. Calculate q(9).
-15
Let h(a) = -a**2 + 9*a - 9. Determine h(8).
-1
Let x(l) = l**2 + 5*l + 187. Give x(0).
187
Let f(d) = -d**3 + 13*d**2 + 15*d - 11. Calculate f(14).
3
Let u(g) = -g**3 + 4*g**2 - 5*g + 4. Calculate u(3).
-2
Let o(u) = u + 1. Calculate o(-5).
-4
Let d(m) = m**3 + 37*m**2 + 2*m + 68. Give d(-37).
-6
Let i(h) = h**2 + 19*h + 83. Calculate i(-12).
-1
Let m(b) = 42*b + 207. Give m(-5).
-3
Let m(r) = -r**2 + 6*r + 33. What is m(9)?
6
Let y(u) = -u**2 - 3*u + 100. What is y(8)?
12
Let a(y) = -14*y. Determine a(2).
-28
Let b(t) = 3*t**3 - 103*t**2 - 71*t + 29. What is b(35)?
-6
Let g(s) = s**2 + 9*s - 10. Determine g(-10).
0
Let f(k) = -8*k**2 + 15*k - 5. Calculate f(2).
-7
Let t(x) = x**3 + 2*x**2 - 8*x + 25. Determine t(4).
89
Let r(y) = -2*y**3 + 8*y**2 + 22*y + 2. What is r(-4)?
170
Let p(h) = -h**2 + 4*h - 27. What is p(5)?
-32
Let l(u) = -15*u**2 + 4*u - 4. Calculate l(1).
-15
Let t(n) = -8*n + 11. Determine t(3).
-13
Let i(z) = -z - 2. Determine i(6).
-8
Let h(k) = k**2 + 18*k - 22. Calculate h(-15).
-67
Let j(n) = -12*n**3 - n + 1. Determine j(1).
-12
Let s(f) = 9*f - 102. Determine s(12).
6
Let l(b) = -b**3 - 7*b**2 + 12*b - 7. Give l(-9).
47
Let c(m) = -3*m**3 - 11*m**2 + 17*m - 12. Determine c(-5).
3
Let h(t) = t**2 + 17*t + 42. Calculate h(-3).
0
Let z(p) = -3*p - 8. What is z(-12)?
28
Let z(o) = 15*o**2 + 2*o - 2. Give z(1).
15
Let i(v) = 7*v - 9. Calculate i(6).
33
Let j(m) = 12*m + 59. Calculate j(-5).
-1
Let n(v) = v**2 - 6*v - 2. Calculate n(9).
25
Let b(t) = t**2 + 5*t + 11. Determine b(-4).
7
Let j(w) = w**2 - w - 1. Calculate j(-3).
11
Let i(b) = -b**3 - 5*b**2 - 4*b - 6. What is i(-5)?
14
Let m(g) = g - 24. Calculate m(18).
-6
Let l(a) = 24*a - 25. Give l(1).
-1
Let c(f) = -f**3 + f**2 - f + 9. Calculate c(0).
9
Let d(f) = -f**2 - 14*f - 18. Give d(-14).
-18
Let b(l) = -2*l - 20. Calculate b(-13).
6
Let s(j) = 15*j**2 - 6*j + 2. Calculate s(2).
50
Let n(y) = 3*y - 11. Give n(7).
10
Let w(v) = -v**2 - 18*v - 51. What is w(-11)?
26
Let y(v) = -66*v - 1. Determine y(1).
-67
Let v(t) = -3*t**3 + t - 2. Give v(3).
-80
Let f(k) = -k**2 - k + 3. Calculate f(8).
-69
Let c(s) = s**2 - 3*s - 4. What is c(5)?
6
Let o(z) = -z**3 + z**2. Give o(1).
0
Let p(j) = j**2 + 25*j - 7. Calculate p(-27).
47
Let s(t) = t**2 + 16*t + 52. Give s(-15).
37
Let p(j) = -4*j. Determine p(-7).
28
Let o(p) = -p**3 + 7*p**2 + 3*p - 1. Calculate o(7).
20
Let z(p) = 2*p - 9. What is z(7)?
5
Let q(n) = 7*n**3 + 3*n**2 + 2*n + 4. What is q(-2)?
-44
Let t(o) = o**3 - 8*o**2 + 11*o - 29. Determine t(7).
-1
Let t(m) = -9*m. Determine t(3).
-27
Let u(g) = -8*g - 1. Calculate u(-11).
87
Let s(y) = y**3 + 13*y**2 + 11*y + 5. Determine s(-12).
17
Let l(c) = 2*c**2 - 27*c - 52. Calculate l(15).
-7
Let k(s) = -3*s**2 + 3. Determine k(5).
-72
Let w(i) = 3*i**2 + 4*i + 5. Determine w(-4).
37
Let i(t) = 2*t**2 - 57*t + 43. Determine i(28).
15
Let x(c) = 3*c - 6. What is x(-10)?
-36
Let o(a) = 8*a**3 - 5*a**2 - 4*a + 2. What is o(-1)?
-7
Let x(g) = -11*g + 47. What is x(5)?
-8
Let q(v) = v**3 + 5*v**2 - 5*v - 16. Determine q(-5).
9
Let f(s) = 3*s**2 - 25. Give f(-3).
2
Let l(y) = -65*y**2 + 1. Determine l(-1).
-64
Let u(n) = 15*n - 9. Determine u(2).
21
Let q(m) = 9*m + 39. Give q(-5).
-6
Let h(j) = j**3 + 12*j**2 + j + 12. Give h(-12).
0
Let q(z) = -2*z**3 + 17*z**2 - 10*z + 11. What is q(8)?
-5
Let j(s) = -23*s - 125. What is j(-6)?
13
Let n(t) = t**2 + 2*t - 9. Calculate n(-5).
6
Let t(w) = 2*w**3 + w**2 - w - 2. What is t(-3)?
-44
Let f(l) = -l**3 + 12*l**2 + l - 7. What is f(12)?
5
Let z(k) = 5*k + 1. What is z(15)?
76
Let u(i) = -i**3 + 4*i**2 + 10*i + 13. Calculate u(6).
1
Let y(o) = -2*o - 16. What is y(-4)?
-8
Let a(t) = -t**2 - 3*t - 9. What is a(0)?
-9
Let b(c) = 5*c**2 + 2*c - 5. What is b(4)?
83
Let k(x) = -x**2 - 7*x + 7. Calculate k(2).
-11
Let l(r) = r**2 - 15*r + 16. Determine l(12).
-20
Let d(m) = 5*m + 68. Give d(-30).
-82
Let w(n) = -5*n**2 - 1. Calculate w(-1).
-6
Let h(w) = -17*w + 91. What is h(5)?
6
Let y(k) = -3*k**2 + 17*k - 27. Calculate y(5).
-17
Let j(p) = p**3 - 10*p**2 - 8*p + 14. What is j(11)?
47
Let l(j) = j**2 - 19*j + 76. Determine l(7).
-8
Let y(z) = 3*z**3 - 19*z**2 - 13*z - 1. What is y(7)?
6
Let u(q) = -q**2 - 10*q + 8. Calculate u(-14).
-48
Let d(p) = p**2 + 21*p + 4. Determine d(-18).
-50
Let i(b) = 7*b + 10. Determine i(-5).
-25
Let d(u) = u**3 + 3*u**2 - 19*u + 1. What is d(-6)?
7
Let z(s) = -2*s**2 + 21. Give z(4).
-11
Let o(c) = -2*c**2 + 3*c - 2. What is o(3)?
-11
Let n(s) = -9*s**2 + 54*s - 43. Give n(5).
2
Let g(v) = v**2 - 35*v - 193. Determine g(-5).
7
Let o(h) = -15*h**3 - h + 2. What is o(1)?
-14
Let r(s) = -7*s + 64. Calculate r(9).
1
Let d(l) = -l**2 - 12*l - 27. What is d(-3)?
0
Let r(n) = n**2 - 22*n - 100. What is r(26)?
4
Let y(j) = -j**2 - 40*j - 339. Calculate y(-27).
12
Let h(j) = j + 1. Calculate h(-7).
-6
Let p(j) = j**3 - 19*j**2 + j - 8. What is p(19)?
11
Let u(r) = 4*r + 13. What is u(15)?
73
Let l(c) = -2*c**3 + 4*c**2 + 2*c + 1. Calculate l(2).
5
Let c(r) = r**3 + 6*r**2 + 5*r + 13. Give c(-6).
-17
Let n(c) = -c + 1. Give n(-4).
5
Let h(t) = -t**3 - 31*t**2 + 71*t + 159. Give h(-33).
-6
Let o(m) = -m**3 + 5*m**2 + 7*m - 8. Determine o(6).
-2
Let j(y) = -y**2 - y - 3. What is j(-6)?
-33
Let b(d) = d**2 - d - 71. Determine b(9).
1
Let c(o) = o**3 - 5*o**2 + 3*o - 21. Give c(5).
-6
Let c(d) = -d**3 - 11*d**2 + 2*d + 27. What is c(-11)?
5
Let k(g) = 4*g - 3. Give k(-4).
-19
Let o(r) = r**2 - 14*r - 72. Calculate o(-7).
75
Let j(i) = i + 8. Determine j(8).
16
Let i(s) = -s**3 - 16*s**2 + 35*s - 21. Calculate i(-18).
-3
Let y(n) = n + 23. What is y(19)?
42
Let j(b) = -83*b + 250. What is j(3)?
1
Let a(g) = -5*g**2 + 7*g - 2. Calculate a(-1).
-14
Let l(x) = x**3 + 8*x**2 + 5*x + 6. Determine l(-7).
20
Let l(o) = -o**3 + 20*o**2 - 66*o + 33. Give l(16).
1
Let f(x) = -x**3 + 17. What is f(0)?
17
Let j(u) = u**3 - 12*u**2 + 11*u - 4. What is j(11)?
-4
Let h(o) = 2*o**2 - 2*o - 17. Calculate h(-3).
7
Let w(h) = -h**3 - 3*h**2 + 7*h + 8. Give w(-5).
23
Let q(p) = 3*p - 20. What is q(5)?
-5
Let c(o) = -o**2 + 7*o + 16. Determine c(-2).
-2
Let u(q) = -q**2 + 16*q + 84. What is u(20)?
4
Let w(y) = y**3 - y**2 + y - 2. Give w(2).
4
Let o(t) = t**2 - 5*t - 2. What is o(4)?
-6
Let a(p) = -2*p + 13. Give a(2).
9
Let f(r) = 2*r + 8. What is f(-5)?
-2
Let i(b) = -4*b + 49. Calculate i(17).
-19
Let a(n) = n**3 - 11*n**2 - 9*n - 41. Calculate a(12).
-5
Let t(y) = y**3 - 22*y**2 + 40*y - 4. Determine t(20).
-4
Let n(f) = 7*f + 3. What is n(-2)?
-11
Let h(o) = -5*o - 16. What is h(0)?
-16
Let n(a) = 14*a**3 + 3*a**2 + 2*a + 1. Give n(-1).
-12
Let v(x) = -x - 7. What is v(-3)?
-4
Let f(u) = u**3 - u**2 - u + 10. What is f(0)?
10
Let v(z) = 2*z - 4. Calculate v(4).
4
Let w(c) = 45*c - 268. Calculate w(6).
2
Let c(o) = 32*o + 82. Give c(-3).
-14
Let r(v) = -3*v - 3. What is r(3)?
-12
Let n(x) = -12*x - 19. Determine n(-2).
5
Let m(l) = -l**2 + 4*l + 2. Calculate m(-9).
-115
Let z(g) = g**2 + 20*g - 1. Give z(-20).
-1
Let r(i) = -5*i - 3. Determine r(-3).
12
Let a(v) = -10*v - 13. Give a(6).
-73
Let m(t) = -t**2 + 17*t - 51. Give m(10).
19
Let h(w) = 16*w + 23. Give h(3).
71
Let v(i) = i + 8. Determine v(-13).
-5
Let v(s) = s**2 - 17*s + 9. Determine v(16).
-7
Let d(r) = -44*r - 1. Give d(0).
-1
Let z(n) = -n**2 + 2*n + 5. Give z(0).
5
Let w(a) = -8*a + 29. Give w(5).
-11
Let y(r) = r**3 + 35*r**2 - 29. Determine y(-35).
-29
Let w(a) = -3*a**3 - 5*a**2 - 5*a - 2. Calculate w(-2).
12
Let l(y) = y**3 - 17*y**2 - 16*y + 4. Give l(18).
40
Let w(l) = 17*l**3 - l**2. Determine w(-1).
-18
Let v(n) = n**2 - 13*n + 9. Determine v(11).
-13
Let h(d) = d**3 - 8*d**2 - 6*d - 8. Give h(9).
19
Let o(q) = -85*q**3 - 3*q**2 + 6*q - 2. Determine o(1).
-84
Let z(b) = -7*b**3 + b**2 - b + 3. Determine z(-2).
65
Let d(u) = -7*u**2 - u - 1. Give d(1).
-9
Let l(u) = 2*u**3 - 12*u**2 + 4. Determine l(6).
4
Let w(d) = d**2 + 9*d + 12. What is w(-6)?
-6
Let r(f) = f**3 + f**2 + 5*f - 5. Give r(0).
-5
Let d(r) = -2*r + 13. Determine d(4).
5
